ided by 163?
162
Calculate the remainder when 75 is divided by 39.
36
Calculate the remainder when 16 is divided by 4.
0
What is the remainder when 241 is divided by 5?
1
Calculate the remainder when 75 is divided by 47.
28
What is the remainder when 39549 is divided by 309?
306
What is the remainder when 139 is divided by 36?
31
Calculate the remainder when 5617 is divided by 20.
17
Calculate the remainder when 906 is divided by 66.
48
Calculate the remainder when 180 is divided by 166.
14
What is the remainder when 499 is divided by 102?
91
What is the remainder when 90 is divided by 24?
18
Calculate the remainder when 649 is divided by 164.
157
What is the remainder when 685 is divided by 43?
40
Calculate the remainder when 915 is divided by 309.
297
Calculate the remainder when 116 is divided by 25.
16
What is the remainder when 1168 is divided by 78?
76
What is the remainder when 2822 is divided by 283?
275
What is the remainder when 304 is divided by 32?
16
What is the remainder when 4207 is divided by 26?
21
Calculate the remainder when 86 is divided by 33.
20
Calculate the remainder when 215 is divided by 73.
69
What is the remainder when 35 is divided by 14?
7
Calculate the remainder when 2000 is divided by 13.
11
What is the remainder when 120 is divided by 16?
8
Calculate the remainder when 272 is divided by 245.
27
What is the remainder when 983 is divided by 135?
38
What is the remainder when 712 is divided by 42?
40
What is the remainder when 235 is divided by 30?
25
What is the remainder when 1296 is divided by 52?
48
What is the remainder when 117 is divided by 21?
12
Calculate the remainder when 89 is divided by 45.
44
Calculate the remainder when 500 is divided by 323.
177
What is the remainder when 53 is divided by 41?
12
Calculate the remainder when 49 is divided by 4.
1
What is the remainder when 8019 is divided by 10?
9
What is the remainder when 2444 is divided by 4?
0
What is the remainder when 4571 is divided by 9?
8
What is the remainder when 343 is divided by 56?
7
Calculate the remainder when 720 is divided by 103.
102
What is the remainder when 401 is divided by 29?
24
Calculate the remainder when 138 is divided by 29.
22
Calculate the remainder when 86 is divided by 4.
2
Calculate the remainder when 488 is divided by 18.
2
What is the remainder when 82 is divided by 44?
38
Calculate the remainder when 211 is divided by 44.
35
What is the remainder when 1376 is divided by 69?
65
Calculate the remainder when 372 is divided by 22.
20
What is the remainder when 174 is divided by 23?
13
What is the remainder when 7144 is divided by 238?
4
Calculate the remainder when 1424 is divided by 19.
18
Calculate the remainder when 657 is divided by 14.
13
What is the remainder when 3031 is divided by 132?
127
Calculate the remainder when 708 is divided by 71.
69
Calculate the remainder when 347 is divided by 74.
51
What is the remainder when 375 is divided by 27?
24
What is the remainder when 6952 is divided by 17?
16
Calculate the remainder when 497 is divided by 71.
0
What is the remainder when 886 is divided by 434?
18
What is the remainder when 464 is divided by 88?
24
Calculate the remainder when 779 is divided by 13.
12
Calculate the remainder when 3987 is divided by 33.
27
Calculate the remainder when 8318 is divided by 32.
30
What is the remainder when 222 is divided by 47?
34
Calculate the remainder when 837 is divided by 70.
67
Calculate the remainder when 2219 is divided by 60.
59
Calculate the remainder when 1314 is divided by 644.
26
What is the remainder when 1586 is divided by 112?
18
What is the remainder when 221 is divided by 15?
11
Calculate the remainder when 843 is divided by 46.
15
What is the remainder when 3281 is divided by 27?
14
Calculate the remainder when 76 is divided by 28.
20
What is the remainder when 127 is divided by 23?
12
Calculate the remainder when 1025 is divided by 28.
17
What is the remainder when 809 is divided by 404?
1
What is the remainder when 412 is divided by 83?
80
What is the remainder when 150 is divided by 51?
48
Calculate the remainder when 328 is divided by 33.
31
Calculate the remainder when 103 is divided by 17.
1
Calculate the remainder when 388 is divided by 12.
4
Calculate the remainder when 794 is divided by 114.
110
What is the remainder when 150 is divided by 89?
61
What is the remainder when 182 is divided by 77?
28
What is the remainder when 104 is divided by 15?
14
Calculate the remainder when 50 is divided by 14.
8
Calculate the remainder when 265 is divided by 27.
22
What is the remainder when 456 is divided by 153?
150
What is the remainder when 923 is divided by 28?
27
Calculate the remainder when 8567 is divided by 84.
83
Calculate the remainder when 1603 is divided by 266.
7
What is the remainder when 946 is divided by 186?
16
What is the remainder when 566 is divided by 209?
148
What is the remainder when 689 is divided by 46?
45
What is the remainder when 2260 is divided by 753?
1
What is the remainder when 63 is divided by 35?
28
What is the remainder when 7416 is divided by 33?
24
What is the remainder when 31 is divided by 12?
7
What is the remainder when 1490 is divided by 7?
6
Calculate the remainder when 114 is divided by 4.
2
Calculate the remainder when 216 is divided by 17.
12
Calculate the remainder when 3571 is divided by 59.
31
Calculate the remainder when 130 is divided by 75.
55
What is the remainder when 697 is divided by 6?
1
What is the remainder when 725 is divided by 52?
49
Calculate the remainder when 443 is divided by 74.
73
What is the remainder when 70 is divided by 21?
7
What is the remainder when 237 is divided by 36?
21
What is the remainder when 67 is divided by 14?
11
Calculate the remainder when 1559 is divided by 27.
20
Calculate the remainder when 380 is divided by 56.
44
What is the remainder when 341 is divided by 38?
37
What is the remainder when 8 is divided by 4?
0
What is the remainder when 135 is divided by 131?
4
What is the remainder when 4382 is divided by 16?
14
Calculate the remainder when 2528 is divided by 42.
8
Calculate the remainder when 227 is divided by 21.
17
Calculate the remainder when 5510 is divided by 1834.
8
Calculate the remainder when 32703 is divided by 9.
6
Calculate the remainder when 247 is divided by 138.
109
What is the remainder when 232 is divided by 40?
32
What is the remainder when 4402 is divided by 4393?
9
Calculate the remainder when 145 is divided by 21.
19
Calculate the remainder when 127 is divided by 37.
16
Calculate the remainder when 6516 is divided by 123.
120
Calculate the remainder when 374 is divided by 42.
38
Calculate the remainder when 307 is divided by 73.
15
What is the remainder when 126 is divided by 3?
0
Calculate the remainder when 496 is divided by 127.
115
Calculate the remainder when 279 is divided by 133.
13
Calculate the remainder when 1328 is divided by 658.
12
What is the remainder when 773 is divided by 97?
94
What is the remainder when 7308 is divided by 10?
8
What is the remainder when 581 is divided by 53?
51
Calculate the remainder when 438 is divided by 35.
18
Calculate the remainder when 96 is divided by 37.
22
Calculate the remainder when 34 is divided by 16.
2
What is the remainder when 163 is divided by 15?
13
Calculate the remainder when 1351 is divided by 223.
13
Calculate the remainder when 748 is divided by 107.
106
What is the remainder when 173 is divided by 40?
13
Calculate the remainder when 81 is divided by 14.
11
Calculate the remainder when 1507 is divided by 251.
1
Calculate the remainder when 137 is divided by 76.
61
What is the remainder when 376 is divided by 6?
4
What is the remainder when 131 is divided by 17?
12
What is the remainder when 86 is divided by 23?
17
Calculate the remainder when 5868 is divided by 19.
16
Calculate the remainder when 56 is divided by 16.
8
What is the remainder when 1349 is divided by 15?
14
What is the remainder when 1903 is divided by 10?
3
What is the remainder when 565 is divided by 332?
233
What is the remainder when 1758 is divided by 20?
18
What is the remainder when 8853 is divided by 5?
3
What is the remainder when 1013 is divided by 145?
143
Calculate the remainder when 1286 is divided by 2